 is the remainder when 2592 is divided by 76?
8
What is the remainder when 65987 is divided by 443?
423
Calculate the remainder when 266626 is divided by 68.
66
Calculate the remainder when 2512 is divided by 1218.
76
Calculate the remainder when 9018 is divided by 501.
0
What is the remainder when 16467 is divided by 305?
302
What is the remainder when 2085 is divided by 411?
30
What is the remainder when 91183 is divided by 67?
63
What is the remainder when 698 is divided by 139?
3
What is the remainder when 2050 is divided by 51?
10
Calculate the remainder when 269356 is divided by 47.
46
What is the remainder when 44962 is divided by 11240?
2
Calculate the remainder when 3160 is divided by 186.
184
Calculate the remainder when 47248 is divided by 15721.
85
What is the remainder when 12838 is divided by 30?
28
What is the remainder when 372827 is divided by 1687?
0
What is the remainder when 1284 is divided by 173?
73
Calculate the remainder when 2445 is divided by 194.
117
Calculate the remainder when 8566 is divided by 438.
244
Calculate the remainder when 40530 is divided by 59.
56
Calculate the remainder when 4741 is divided by 217.
184
What is the remainder when 37762 is divided by 1893?
1795
Calculate the remainder when 5248 is divided by 5216.
32
What is the remainder when 1608053 is divided by 268008?
5
Calculate the remainder when 8714 is divided by 2143.
142
What is the remainder when 51760 is divided by 1846?
72
What is the remainder when 16506 is divided by 15?
6
What is the remainder when 5114 is divided by 232?
10
What is the remainder when 373468 is divided by 64?
28
What is the remainder when 812444 is divided by 203107?
16
Calculate the remainder when 162297 is divided by 12.
9
What is the remainder when 8753 is divided by 2912?
17
What is the remainder when 1202 is divided by 296?
18
What is the remainder when 2334 is divided by 812?
710
Calculate the remainder when 37339 is divided by 6221.
13
Calculate the remainder when 186237 is divided by 48.
45
What is the remainder when 3923 is divided by 103?
9
Calculate the remainder when 46286 is divided by 2424.
230
Calculate the remainder when 125828 is divided by 321.
317
Calculate the remainder when 26917 is divided by 27.
25
Calculate the remainder when 42049 is divided by 186.
13
Calculate the remainder when 5224436 is divided by 1768.
1764
What is the remainder when 9066 is divided by 36?
30
What is the remainder when 3979 is divided by 1318?
25
What is the remainder when 39549 is divided by 37?
33
Calculate the remainder when 30611 is divided by 663.
113
What is the remainder when 2984 is divided by 26?
20
Calculate the remainder when 248948 is divided by 6915.
8
What is the remainder when 365286 is divided by 73057?
1
What is the remainder when 793 is divided by 85?
28
Calculate the remainder when 149616 is divided by 53.
50
What is the remainder when 15582 is divided by 95?
2
Calculate the remainder when 43327 is divided by 197.
184
What is the remainder when 246419 is divided by 7467?
8
What is the remainder when 8821 is divided by 10?
1
Calculate the remainder when 16943 is divided by 707.
682
What is the remainder when 77622 is divided by 29?
18
What is the remainder when 1862 is divided by 95?
57
Calculate the remainder when 2086 is divided by 123.
118
Calculate the remainder when 1880 is divided by 929.
22
Calculate the remainder when 45619 is divided by 234.
223
What is the remainder when 11613 is divided by 771?
48
What is the remainder when 25307 is divided by 248?
11
What is the remainder when 58427 is divided by 116?
79
What is the remainder when 60950 is divided by 30386?
178
Calculate the remainder when 7460 is divided by 150.
110
Calculate the remainder when 219558 is divided by 73184.
6
Calculate the remainder when 36111 is divided by 18039.
33
Calculate the remainder when 937 is divided by 678.
259
What is the remainder when 1154 is divided by 126?
20
Calculate the remainder when 42064 is divided by 1682.
14
Calculate the remainder when 18513 is divided by 1236.
1209
What is the remainder when 3447 is divided by 859?
11
Calculate the remainder when 148548 is divided by 27.
21
What is the remainder when 182842 is divided by 6771?
25
What is the remainder when 738 is divided by 86?
50
What is the remainder when 12241 is divided by 6037?
167
Calculate the remainder when 167311 is divided by 330.
1
What is the remainder when 3125 is divided by 861?
542
Calculate the remainder when 2755 is divided by 792.
379
What is the remainder when 103316 is divided by 25828?
4
What is the remainder when 1314 is divided by 642?
30
Calculate the remainder when 2025 is divided by 171.
144
Calculate the remainder when 1450305 is divided by 725150.
5
Calculate the remainder when 82658 is divided by 46.
42
What is the remainder when 12430 is divided by 438?
166
Calculate the remainder when 3031 is divided by 150.
31
Calculate the remainder when 5689 is divided by 5537.
152
What is the remainder when 142083 is divided by 47?
2
What is the remainder when 20539 is divided by 37?
4
Calculate the remainder when 1574 is divided by 71.
12
What is the remainder when 31028 is divided by 6171?
173
Calculate the remainder when 2427 is divided by 803.
18
Calculate the remainder when 1199 is divided by 383.
50
What is the remainder when 1428618 is divided by 204087?
9
What is the remainder when 14183 is divided by 16?
7
What is the remainder when 319375 is divided by 106?
103
Calculate the remainder when 393973 is divided by 131324.
1
Calculate the remainder when 2873199 is divided by 44.
43
Calculate the remainder when 50016 is divided by 9999.
21
What is the remainder when 181549 is divided by 25934?
11
What is the remainder when 3338 is divided by 1092?
62
Calculate the remainder when 101124 is divided by 39.
36
What is the remainder when 317353 is divided by 15?
13
What is the remainder when 451307 is divided by 263?
262
What is the remainder when 10399 is divided by 13?
12
What is the remainder when 195731 is divided by 217?
214
Calculate the remainder when 1364 is divided by 942.
422
Calculate the remainder when 91655 is divided by 38.
37
What is the remainder when 88609 is divided by 12652?
45
What is the remainder when 92044 is divided by 449?
448
What is the remainder when 8987 is divided by 142?
41
What is the remainder when 10614 is divided by 572?
318
What is the remainder when 1070 is divided by 140?
90
Calculate the remainder when 80909 is divided by 416.
205
What is the remainder when 100644 is divided by 106?
50
What is the remainder when 1334 is divided by 435?
29
What is the remainder when 54645 is divided by 6067?
42
Calculate the remainder when 102484 is divided by 6.
4
What is the remainder when 22948 is divided by 52?
16
Calculate the remainder when 8927 is divided by 296.
47
What is the remainder when 1228 is divided by 457?
314
Calculate the remainder when 1265 is divided by 110.
55
What is the remainder when 77993 is divided by 4?
1
What is the remainder when 55694 is divided by 192?
14
Calculate the remainder when 61628 is divided by 790.
8
What is the remainder when 35161 is divided by 306?
277
What is the remainder when 10271 is divided by 10145?
126
What is the remainder when 87650 is divided by 17526?
20
Calculate the remainder when 12779 is divided by 141.
89
What is the remainder when 94149 is divided by 8559?
0
Calculate the remainder when 17635 is divided by 375.
10
What is the remainder when 64895 is divided by 400?
95
Calculate the remainder when 6925 is divided by 55.
50
Calculate the remainder when 23936 is divided by 91.
3
Calculate the remainder when 141958 is divided by 204.
178
Calculate the remainder when 2162 is divided by 711.
29
Calculate the remainder when 29254 is divided by 9746.
16
Calculate the remainder when 65858 is divided by 445.
443
Calculate the remainder when 110438 is divided by 110418.
20
What is the remainder when 6100 is divided by 276?
28
Calculate the remainder when 88889 is divided by 313.
310
Calculate the remainder when 57063 is divided by 87.
78
Calculate the remainder when 76808 is divided by 1097.
18
Calculate the remainder when 2560 is divided by 260.
220
Calculate the remainder when 9151 is divided by 4.
3
Calculat